hat are the prime factors of g(v)?
2
What are the prime factors of 38 + ((-4)/4 - 2)?
5, 7
Let n be (3 - -7)/((-2)/(-4)). Let t be 2/6 - n/(-3). Suppose 0 = -2*o + t*o - 45. List the prime factors of o.
3
Let q(a) = -9*a - 17. What are the prime factors of q(-6)?
37
Let z(n) = -6*n**3 + 7*n - n + 8*n**2 + 6*n**3 - 3 + n**3. Let i be z(-7). Suppose b - 35 = -i*b. What are the prime factors of b?
7
List the prime factors of -7 - -5 - 106*(2 + -3).
2, 13
Let c = 15 - 6. What are the prime factors of c?
3
Suppose -i - 25 = -3*z, 2*i = -2*i + 8. Let l be (3 + (-44)/12)*9. Let f = z - l. What are the prime factors of f?
3, 5
Suppose -548 = -4*d + 60. Let n = d + -103. List the prime factors of n.
7
Suppose v - 1 = -0, r = 3*v - 13. Let z = 39 + r. What are the prime factors of z?
29
Let m = -3 - -7. Let j be 6/m*(-24)/(-9). Suppose -f + 15 = -j*k, 5 - 2 = 3*f + 2*k. List the prime factors of f.
3
Suppose -m - 4*y = -71, 439 = 2*m + 3*m - y. List the prime factors of m.
3, 29
Let a(o) = -o**3 + o**2 + o + 20. Let d be a(0). Suppose -3*u - u = d, 3*k = -5*u + 8. List the prime factors of k.
11
Let c be (132/8 - 4)*-2. Let b = 45 + c. List the prime factors of b.
2, 5
Let m(r) = -r**2 + 6*r - 4. Let n be m(6). Let u be 26/n + 6/12. What are the prime factors of 3/2 + (-3)/u?
2
Let z be (-36)/(-16) - (-2)/(-8). Suppose 0*m + z*m - 20 = 0. List the prime factors of m.
2, 5
Suppose 731 = 12*y + 227. What are the prime factors of y?
2, 3, 7
Let h(z) = z**2 + 8*z - 10. Let f be h(-9). Let a(x) = -9*x. What are the prime factors of a(f)?
3
Suppose 4*f - 40 = -0*f. Let j(o) = o**2 - 10*o + 6. Let r be j(f). What are the prime factors of ((-8)/r)/((-3)/18)?
2
Let i(j) = -j**3 + 2*j**2 + 5*j - 4. Let f be i(3). Let y = f + 0. What are the prime factors of y?
2
Suppose -6 = -n - 0*n - x, 0 = -4*n + 3*x + 17. Suppose -3*r - r = -12. Suppose 0 = -n*w + r*v + 49, -4*v = -11 + 3. List the prime factors of w.
11
Let x be 1 + 2/4*-2. Let y = 3 - 0. Suppose x = -0*i - y*i + 54. List the prime factors of i.
2, 3
Let o(j) = j**2 + 5*j - 6. Let x be o(-6). Suppose x + 16 = -2*n. Let k(f) = f**3 + 8*f**2 - f. List the prime factors of k(n).
2
Suppose 33 = -4*m - 15. Let p = m + 29. List the prime factors of p.
17
Suppose -3*r + 10 = -2, 4*z = r + 16. Let o be (-2)/(1 + 2 + -2). Let q = z + o. What are the prime factors of q?
3
Let b = -3 + 11. Suppose b*r - 12*r + 96 = 0. What are the prime factors of r?
2, 3
Suppose 0 = -5*v - 25 - 15. Let z = v + 29. Suppose 7 = u - 3*n + 5*n, -n = -3*u + z. List the prime factors of u.
7
Suppose -5*k + 10*k + 5 = 0. Let j be 1*1/1 - k. Suppose j*o = -5*a + 37, 2*a + 11 = 3*o - 16. What are the prime factors of o?
11
Let l be (-104)/(-10) - (-4)/(-10). Suppose 26 = y + l. List the prime factors of y.
2
Let p(y) = -y**3 + 4*y**2 + 2*y - 2. Let h be p(3). Let o = 36 - h. List the prime factors of o.
23
Let v = -23 + 38. Let t be 63/v + 3/(-15). Suppose 0 = -l + 4*w + 2, -4*w + w = -t*l + 8. List the prime factors of l.
2
Suppose 52*t = 48*t + 280. List the prime factors of t.
2, 5, 7
Let q be (18/8)/((-3)/(-24)). List the prime factors of 238/q + 6/(-27).
13
List the prime factors of 3/18 + (1 - 874/(-12)).
2, 37
Suppose 2*y = 2*j - 2*y - 26, 4*j + 3*y + 3 = 0. Suppose -2*n = j*n - 100. What are the prime factors of n?
2, 5
Let q be (1/2)/((-1)/2). Let w be (q/(-2))/(1/10). Suppose 44 = w*k - 16. List the prime factors of k.
2, 3
Let s(t) = -t**2 - 6*t - 6. Let i be 1*-4 - 0/(-7). Let b be s(i). Suppose -2*l = b*r - 14, 2*l + 2*l - r = 8. What are the prime factors of l?
3
Let b(z) = -z + 6. Let o be b(4). Suppose o*c + 63 = 5*c. What are the prime factors of c?
3, 7
Let a(n) = 11*n**2 + 9*n - 12. Let x be a(6). List the prime factors of x/15 - (-2)/(-10).
29
List the prime factors of 0 + (-6)/9 + 2030/21.
2, 3
Let m = 66 - 43. Suppose -3 = 5*s - m. What are the prime factors of s?
2
Let b be 0 - (-27)/(3/1). Suppose 4*j - 46 = 2*m, b*m = -3*j + 4*m + 2. List the prime factors of j.
3
Let p(g) = 44*g. List the prime factors of p(2).
2, 11
Suppose -83 + 296 = 3*j. Let d = -47 + j. What are the prime factors of d?
2, 3
Let u(t) = t**2 - 2*t - 7. Let n be (-6)/(-2 + 0) - 8. What are the prime factors of u(n)?
2, 7
Let h(p) = -p**3 - 10*p**2 - 11*p - 6. Let r be h(-9). Suppose -s - 1 = -r. List the prime factors of s.
11
Let d be 2 + ((-32)/(-4))/(-2). What are the prime factors of 1/2*22 + d?
3
Let t = 16 - 11. Suppose 4*a - 3*b = 37, -t*a + 3*a - b + 31 = 0. List the prime factors of a.
13
Let q = -34 + 48. Suppose -2*l - 4*y + 26 + q = 0, -2*l + 43 = y. List the prime factors of l.
2, 11
What are the prime factors of 273 - (-5 + 7 + -4)?
5, 11
Suppose 2*s = 4*t - 120, 2*s + 120 = 4*t - 3*s. What are the prime factors of t?
2, 3, 5
Let c = 3 - 5. Let h be 3/(c*(-3)/48). Let j = -13 + h. List the prime factors of j.
11
Suppose 7 = 4*b - 13. Suppose -4*r = -b*v + 63, v + 5*r + 0 - 1 = 0. List the prime factors of v.
11
Let q = 54 - -76. What are the prime factors of q?
2, 5, 13
Let v = 54 - 32. What are the prime factors of v?
2, 11
Suppose -5*m + 3*j + 142 = 0, m - 3*j - 10 - 16 = 0. What are the prime factors of m?
29
Let s be 1/(-4) - (-138)/8. Let h(r) = -r**2 + 13*r - 11. Let v be h(11). Let a = s - v. List the prime factors of a.
2, 3
Let b(o) = 4*o**3 - 3*o**2 + 2*o. Let u(h) = -3*h**3 + 3*h**2 - 2*h. Let f(l) = -4*b(l) - 5*u(l). Let c be (-72)/27*3/2. What are the prime factors of f(c)?
2
Let r(m) = -m**3 - 3*m**2 - 2*m + 2. Let t be r(-2). What are the prime factors of t + -4 - (-1 - 9)?
2
Let f = 6 - -1. List the prime factors of (3 - (f - 3)) + 34.
3, 11
Let t = -5 + 9. Suppose t*w = 6*w + 12. What are the prime factors of (w/(-9))/((-2)/(-21))?
7
Suppose 0 = -x + 7*u - 4*u + 98, -4*u = -3*x + 279. List the prime factors of x.
89
Suppose 0 = 5*y + 2*q + 34, 5*q = 4*y - y + 39. List the prime factors of (76/y)/((-3)/6).
19
Let p = -76 + 48. Let l = p - -54. List the prime factors of l.
2, 13
Let b(f) be the third derivative of 1/2*f**3 + 0 + f**2 - 1/12*f**4 + 0*f. List the prime factors of b(-5).
13
What are the prime factors of (-2)/10 + (-156)/(-5)?
31
Let h = 3 + 0. Suppose -o - 3*o - 25 = h*r, r - 1 = o. Let m = r + 7. What are the prime factors of m?
2
Let t = -3 + 7. Let f be 4/t - (-2 - -1). Suppose 21 = f*c + c. List the prime factors of c.
7
Let c(w) = w**3 - 7*w**2 + 2*w. Let l be c(7). List the prime factors of ((-24)/l)/(4/(-14)).
2, 3
Let o = -2 - -1. Suppose -b - 4 = -2*z, 2*b + 4*z - 50 = -3*b. Let a = o + b. List the prime factors of a.
5
Let f be 2/7 - 183/(-21). Suppose -3*j + f = -60. What are the prime factors of j?
23
Let z(g) = 3*g - 1. Let t be z(2). Suppose -2*i - c + 6 = -3, -2*i - t*c - 3 = 0. List the prime factors of i.
2, 3
What are the prime factors of (4/2)/(3/30)?
2, 5
Let x be (-1)/(3 - (-192)/(-63)). Suppose 4*y - 2*y = 26. Let k = x - y. List the prime factors of k.
2
Suppose 2*n = 4*k + 184, -4 = -k - 3*k. List the prime factors of n.
2, 47
Let j(x) = -x**2 - 8*x + 4. Let h be j(-6). Suppose 4*y + m = 7, -m - 4*m = y - h. Suppose p - f = -y, -p + 2 = 3*p - 2*f. What are the prime factors of p?
2
Suppose -3*j + 37 - 97 = 0. Let t = j + 33. What are the prime factors of t?
13
Let m = 20 + -18. Suppose -m*z = -3*k + 37, -4*k + 5*z + 57 = 3. List the prime factors of k.
11
Let z = 0 + 0. Suppose z*r + 14 = r. List the prime factors of r.
2, 7
Let q(k) = 43*k - 56. List the prime factors of q(6).
2, 101
Suppose 0 = -x - 5 + 34. What are the prime factors of x?
29
Let w = 17 - 8. What are the prime factors of w?
3
Let l(u) = -17*u + 2. Let x be l(3). Let b = x + 79. Let j = b + -18. List the prime factors of j.
2, 3
Let z(w) = -w**2 + 7*w - 3. Let t be z(6). List the prime factors of 3/(t/2) + 2.
2
What are the prime factors of (-36)/(-48) - (673/(-4))/1?
13
Let p(l) = 2*l. Let y = -6 + 11. List the prime factors of p(y).
2, 5
Let p be 2/5 + (-65)/(-25). Suppose 6 = 3*h - p. List the prime factors of h.
3
List the prime factors of 2/5 - 279/(-15).
19
Let w = -10 + 12. Let g = w + 3. List the prime factors of g.
5
Let n(p) = p**3 - 5*p**2 - 9*p + 6. Let b be n(7). Let g = b + -19. List the prime factors of g.
2, 11
Let h(d) = d. Let q(l) = l + 2. Let b be q(0). Let p be h(b). Suppose -3*c + 2 = -p*c